 common factor of p and 54.
6
Suppose -2*f + 77 + 203 = 0. Suppose -3*c + f = -25. Calculate the greatest common divisor of c and 22.
11
Let f be 44/((-2)/4 + (1 - 0)). Let q = 32 - 21. Calculate the greatest common factor of f and q.
11
Let u(r) = -r**3 + 3*r**2 - 2*r + 4. Let t be u(2). What is the greatest common divisor of 4 and t?
4
Suppose 0 = 6*c - 5*c - 19. Suppose q = c - 1. What is the highest common factor of 18 and q?
18
Let h = -13 - -24. Let d(o) = o**3 + 7*o**2 + 5*o - 3. Let b be d(-5). Calculate the greatest common divisor of b and h.
11
Let o be 1/3 + (-11)/(-3). Suppose 0 = x - o*x. Suppose f - 7 + 3 = x. What is the highest common factor of f and 36?
4
Suppose -14 = -3*o - 71. Let y = o - -34. Calculate the highest common divisor of y and 15.
15
Let f = 38 - 21. Suppose -3*z - 3*i = -103 - f, z = 2*i + 52. What is the greatest common divisor of z and 4?
4
Let p = 16 + -22. Let i(k) = 2*k**2 + 4*k - 6. Let t be i(p). Let y = -89 + 103. What is the highest common divisor of t and y?
14
Suppose 5*k - 35 = 3*h, -k + h = -4*k + 35. Suppose 0 = 4*z - 7 - 1. Let u = 2 + z. What is the greatest common factor of u and k?
2
Suppose -3*r - 84 = -5*s, 3*r + 64 = 4*s - r. Let j = -10 + s. What is the greatest common factor of 4 and j?
4
Let t = -105 - -190. Suppose -3*r = -20 - t. Calculate the greatest common factor of 7 and r.
7
Let r be (-2)/4 + -162*(-6)/8. Calculate the greatest common divisor of r and 11.
11
Suppose -4*b = -16, -3*f = -2*f - b - 403. What is the greatest common factor of 37 and f?
37
Suppose 0 - 8 = -2*l. Let n(o) = -3*o + o**3 + 0*o**3 - 10*o**2 + 3 - 2*o**3 - 1. Let w be n(-10). Calculate the greatest common factor of w and l.
4
Let p be (12/(-8))/((-1 + 2)/(-6)). Calculate the greatest common factor of p and 6.
3
Suppose 3*q - 9 = -s, 3*s + 4*q - 27 = 25. Suppose -10 - 56 = -11*k. What is the highest common factor of s and k?
6
Suppose 0 = -4*b + 38 + 10. What is the highest common divisor of 3 and b?
3
Suppose 5*r = -n, r = -2*n - 3*n. Suppose 3*u + n*u = 4*k + 244, -5*u = 4*k - 396. Calculate the greatest common divisor of 10 and u.
10
Suppose -25 = -4*m + 11. Suppose -2*b + 2*h = -0*h - 128, 5*h = 3*b - 194. Calculate the highest common divisor of m and b.
9
Suppose 0 = -2*c - u + 89, 0*c + 5*u = -3*c + 144. Let y = 65 - c. What is the greatest common divisor of 198 and y?
22
Let s(n) = n**3 - n**2 - n - 1. Let f be s(2). Let g be (73 - (2 + f)) + 2. Calculate the highest common factor of 9 and g.
9
Let i be 252/18 - 5/(5/2). Let k = -14 + 5. Let r = k + 15. What is the highest common factor of r and i?
6
Let n(m) = m**2 + 11*m + 63. Let x be n(-6). Suppose -5*f = 5*s - 50, -f - 3*s - 5 = -13. What is the greatest common divisor of x and f?
11
Let w = 3 - -2. Suppose -2 = -3*f + f + 2*m, -m - 17 = 3*f. Let g = w + f. Calculate the greatest common divisor of g and 5.
1
Suppose 19*v - 23*v = -288. Calculate the highest common divisor of 36 and v.
36
Let c(q) = 2*q**3 - 2*q**2 - 2*q + 2. Let x be c(4). Let k = 14 + -12. Suppose s = -k*s + x. Calculate the highest common factor of 12 and s.
6
Suppose -3*i = -5*y + 470, 2*y = 5*y - i - 282. What is the greatest common factor of 141 and y?
47
Suppose 4*n + 693 = 2709. Suppose 0 = 3*a + a - n. What is the highest common divisor of 14 and a?
14
Let b = -17 + 22. Suppose 0 = -b*j + 201 + 69. Suppose -4*w + 8*k + 24 = 4*k, -5*w - 2*k + 30 = 0. Calculate the highest common factor of w and j.
6
Suppose 0 = -4*v + 2*v - 6, 4*v = -3*y + 204. What is the greatest common factor of 12 and y?
12
Let a = 7 + -11. Let z(j) = 2*j**2 + 5*j - 4. Let f be z(a). What is the highest common divisor of 1 and f?
1
Suppose -6 = 3*q + 2*c + 2, -20 = 5*c. Suppose q*h - 4*h = -156. Calculate the highest common factor of 13 and h.
13
Let v(x) be the second derivative of -x**5/20 - 5*x**4/12 + 7*x**3/6 + 5*x**2/2 + 3*x. Let p be v(-7). Calculate the greatest common divisor of p and 36.
18
Let a(d) = d + 4. Let i be a(7). Calculate the greatest common factor of i and 1.
1
Suppose 0*j - 2*j + 24 = 0. Suppose 3*k - 18 = j. Let q(l) = -l + 7. Let a be q(5). Calculate the greatest common factor of k and a.
2
Let y be 45/(-6)*2*-1. What is the greatest common factor of 15 and y?
15
Let y be (-17 - 2)*(-1 - (-3 - -3)). What is the highest common factor of 19 and y?
19
Let a(b) = 2*b**2 - 2*b - 2. Let k be a(-3). Let n be 290/25 - 3/5. What is the highest common divisor of k and n?
11
Let o(v) = 7*v - 3. Let c be o(2). Let k = -448 - -525. Calculate the highest common divisor of k and c.
11
Suppose 0 = 3*z + 78 + 9. Let r = z - -53. Calculate the highest common divisor of r and 4.
4
Let k be (68/6)/(2/(-3)). Let o = k - 147. Let u be (-4)/(-14) - o/14. Calculate the highest common factor of 12 and u.
12
Let g = 120 + -72. Suppose 0*i + 4*i - g = -3*y, -36 = -3*i + y. What is the highest common divisor of i and 3?
3
Let v(w) = w**2 + w + 2. Let z be v(0). Suppose z*h + 0*h - 36 = 0. What is the highest common divisor of h and 45?
9
Let u(h) = h**3 + 7*h**2 + 6*h - 7. Let t be u(-5). Let a be 115 - ((-12)/(-9))/((-2)/3). What is the greatest common divisor of t and a?
13
Let k(t) = -7 - 8 + 30*t - t + 9. Let m be k(4). Suppose -58 = -3*p + m. Calculate the highest common factor of 28 and p.
28
Let o be 133/15 + 38/285. Let r = 103 - 40. What is the highest common factor of r and o?
9
Suppose -3*n = -4*t - 8*n + 89, -5*t + n = -75. What is the highest common factor of 2 and t?
2
Suppose -86*q = -84*q - 6. What is the highest common factor of 39 and q?
3
Suppose -2 = -4*l + 166. Calculate the greatest common divisor of 21 and l.
21
Suppose 18*v = 40*v - 4114. Suppose 60 = 4*f + 4*x, -4*f + 3*x + 28 = -46. Calculate the greatest common divisor of f and v.
17
Let z(i) = i**3 + 5. Let u be z(0). Let y = 17 - 4. Let r = 18 - y. Calculate the highest common divisor of u and r.
5
Let x be 0 + -3 + 1 + 3. Let s be x/(-2) - 6/4. Let a be (9/s)/((-15)/40). Calculate the highest common factor of a and 12.
12
Let g(l) be the third derivative of l**6/120 + 7*l**5/60 + l**4/12 - l**3 + 2*l**2. Let f be g(-6). What is the highest common factor of 198 and f?
18
Let b be ((-9)/6)/(9/(-30)). Suppose 2*q - b*h + 20 = 7, -2*h + 40 = 5*q. What is the highest common divisor of q and 30?
6
Suppose 4*h + 58 = 3*v - 12, -3*h = -2*v + 46. What is the greatest common factor of 13 and v?
13
Suppose 3*y - 7 - 5 = 0. Suppose 5*d = 5*u + 150, -d - y*u + 76 = 2*d. Let n be (-12)/(-8)*d/3. What is the highest common divisor of 98 and n?
14
Let g = -18 - -26. Let m be (-1)/(-1 + (-12)/(-10)). Let v = g + m. What is the highest common divisor of v and 1?
1
Suppose 4*k - 332 = -4*p, 2*k - 5*k + 229 = -p. What is the highest common divisor of k and 6?
6
Suppose -4*r + 2 = -18. Suppose -c - r = -2*c. Calculate the highest common divisor of 45 and c.
5
Suppose 0*r = 2*r - 104. Suppose 4*g - r - 68 = 0. Suppose i - 2*i = -g. What is the greatest common divisor of i and 75?
15
Let k = 7 + -5. Let z(r) = 4*r - 2. Let i(a) = -1. Let d(b) = -3*i(b) + z(b). Let v be d(1). What is the highest common factor of k and v?
1
Suppose -2*p = 3*p - 100. Let q = -72 + 252. What is the highest common factor of p and q?
20
Suppose -2*a = -3*j + 10, -2*a - 12 = -4*j + 2. Suppose -5*s - a + 11 = 0. Suppose s*t = t + 9. What is the highest common divisor of 18 and t?
9
Let y(t) = 2*t**3 - t**2 - 2*t. Let v be y(2). Suppose -4*q + 40 + v = 0. Calculate the highest common divisor of q and 8.
4
Let a be (-6*2)/(2/(-12)). What is the highest common factor of a and 8?
8
Suppose -p = -6*p. Suppose p*b + 14 = 2*b. Calculate the greatest common factor of b and 77.
7
Let s be 94*1/2 - 2. Suppose 0*n = -n - 2*d + 24, -5*d = -3*n + 105. What is the greatest common divisor of n and s?
15
Let n(d) = d**2 + 3*d - 2. Let u be n(-4). Let k be 1 + u - 0 - 1. Calculate the highest common divisor of 4 and k.
2
Suppose -5*k - q + 114 = 0, -4*q - 4 = 4*k - 92. Let i be (-4 + 16)*(-22)/(-6). Suppose 94 + i = 2*b. Calculate the greatest common factor of b and k.
23
Let f = 211 + -49. What is the highest common divisor of 18 and f?
18
Let h = 9 + -5. Let y = -17 + 33. What is the greatest common factor of h and y?
4
Suppose 2*k = -10, 0 = -4*u + 4*k + k + 301. Let r = u + -48. Cal